{"id":240,"date":"2019-01-02T20:41:13","date_gmt":"2019-01-02T20:41:13","guid":{"rendered":"http:\/\/blog.ratex-rohr.de\/?page_id=240"},"modified":"2024-09-13T08:10:16","modified_gmt":"2024-09-13T08:10:16","slug":"impressum","status":"publish","type":"page","link":"https:\/\/www.ratex-rohr.de\/?page_id=240","title":{"rendered":"Impressum"},"content":{"rendered":"\n<p><strong>RATEX-ROHR Stahlrohrhandel GmbH<\/strong><\/p>\n\n\n\n<p>An der Ziegelei 14<br>D-41844 Wegberg<\/p>\n\n\n\n<p>Telefon: +49 (0) 2434 80973 &#8211; 0<br>Telefax: +49 (0) 2434 80973 &#8211; 20 <\/p>\n\n\n\n<p>E-Mail: <a href=\"mailto:info@ratex-rohr.de\">info@ratex-rohr.de<\/a><br>Internet: <a href=\"http:\/\/www.ratex-rohr.de\">www.ratex-rohr.de<\/a> <br><\/p>\n\n\n\n<p><strong>Niederlassung Berlin:<\/strong><\/p>\n\n\n\n<p>Wiesendamm 27<br>D-15712 K\u00f6nigs Wusterhausen<\/p>\n\n\n\n<p>Telefon: +49 (0) 3375 92388 &#8211; 34<br>Telefax: +49 (0) 3375 92388 &#8211; 35<br>  <\/p>\n\n\n\n<p><strong>Gesch\u00e4ftsf\u00fchrer:<\/strong><br>             <br>Wolfgang Steffens<br>             <br>HRB 14836<br>Gerichtsstand M\u00f6nchengladbach<\/p>\n\n\n\n<p>Ust.-ID-Nr. DE 154 203 452<br>Steuer-Nr.: 208\/5717\/1119<\/p>\n\n\n\n<p><strong>Verantwortlich f\u00fcr Layout und Design:<\/strong><\/p>\n\n\n\n<p>Mark Bonitz<br>Pr\u00e4mienstr. 95<br>41844 Wegberg<\/p>\n\n\n\n<p>Telefon: +49 (0)2434  20902<br>E-Mail: <a href=\"mailto:mark.bonitz@t-online.de\">mark.bonitz@t-online.de<\/a> <\/p>\n\n\n\n<p><br>               <\/p>\n","protected":false},"excerpt":{"rendered":"<p>RATEX-ROHR Stahlrohrhandel GmbH An der Ziegelei 14D-41844 Wegberg Telefon: +49 (0) 2434 80973 &#8211; 0Telefax: +49 (0) 2434 80973 &#8211; 20 E-Mail: info@ratex-rohr.deInternet: www.ratex-rohr.de Niederlassung Berlin: Wiesendamm 27D-15712 K\u00f6nigs Wusterhausen Telefon: +49 (0) 3375 92388 &#8211; 34Telefax: +49 (0) 3375 92388 &#8211; 35 Gesch\u00e4ftsf\u00fchrer: Wolfgang Steffens HRB 14836Gerichtsstand M\u00f6nchengladbach Ust.-ID-Nr. DE 154 203 452Steuer-Nr.: 208\/5717\/1119 [&hellip;]<\/p>\n","protected":false},"author":1,"featured_media":0,"parent":0,"menu_order":0,"comment_status":"closed","ping_status":"closed","template":"fullwidth.php","meta":{"footnotes":""},"class_list":["post-240","page","type-page","status-publish","hentry"],"_links":{"self":[{"href":"https:\/\/www.ratex-rohr.de\/index.php?rest_route=\/wp\/v2\/pages\/240","targetHints":{"allow":["GET"]}}],"collection":[{"href":"https:\/\/www.ratex-rohr.de\/index.php?rest_route=\/wp\/v2\/pages"}],"about":[{"href":"https:\/\/www.ratex-rohr.de\/index.php?rest_route=\/wp\/v2\/types\/page"}],"author":[{"embeddable":true,"href":"https:\/\/www.ratex-rohr.de\/index.php?rest_route=\/wp\/v2\/users\/1"}],"replies":[{"embeddable":true,"href":"https:\/\/www.ratex-rohr.de\/index.php?rest_route=%2Fwp%2Fv2%2Fcomments&post=240"}],"version-history":[{"count":5,"href":"https:\/\/www.ratex-rohr.de\/index.php?rest_route=\/wp\/v2\/pages\/240\/revisions"}],"predecessor-version":[{"id":778,"href":"https:\/\/www.ratex-rohr.de\/index.php?rest_route=\/wp\/v2\/pages\/240\/revisions\/778"}],"wp:attachment":[{"href":"https:\/\/www.ratex-rohr.de\/index.php?rest_route=%2Fwp%2Fv2%2Fmedia&parent=240"}],"curies":[{"name":"wp","href":"https:\/\/api.w.org\/{rel}","templated":true}]}}